61 - -481. Calculate the greatest common factor of o and 140.
20
Let s(z) = 3*z - 2*z**2 - 5*z**3 + 4*z**3 - 1 + 0 - 5. Let f be s(-4). What is the greatest common divisor of 98 and f?
14
Let d be (-1 - 2/(-2))*1. Suppose -10 = -5*k - d. Calculate the highest common factor of 8 and k.
2
Let a(q) = 3*q**3 - 35*q**2 - 9*q - 20. Let y be a(12). What is the greatest common factor of 12 and y?
4
Suppose 378 = 3*s - 159. Suppose -2*h - 17 - s = 0. Let v = 158 + h. Calculate the highest common divisor of 90 and v.
30
Let y = -33 - -44. Let r = 60 - 27. What is the highest common factor of r and y?
11
Let a(k) = k**3 - k**2 - 7*k - 9. Let z be a(5). Calculate the highest common divisor of 8 and z.
8
Suppose 0 = -5*y + 5*r + 5, -13*y - 4*r + 11 = -14*y. What is the greatest common divisor of y and 40?
5
Let w(t) = -t**2 - 19*t + 40. Let c be w(-10). What is the highest common divisor of c and 30?
10
Let a(b) = b**2 - 9*b - 9. Let n be a(11). Let d = 4 - n. Let r = d + 16. Calculate the highest common factor of r and 14.
7
Let u be (-2)/(-10) - 687/(-15). Suppose -3*p = -2*p - 2. Calculate the greatest common divisor of p and u.
2
Let o be 6 + -1 - (-1 + -2). Suppose -z = z - o. Suppose 0 = -z*q - 0*q + 4*g + 48, -g = 3*q - 56. Calculate the greatest common factor of 187 and q.
17
Let m(d) = 9*d**3 + 4*d**2 + 8*d - 21. Let z be m(4). What is the greatest common factor of z and 93?
93
Let u = 232 + -157. Let m be (2 - 1)*(0 - -50). Calculate the greatest common divisor of m and u.
25
Let n be (5*-1)/(-6 - 25/(-5)). Suppose 0 = -2*i - 10, -3*b = n*i - 0*i - 38. Let d = 34 + -20. Calculate the highest common factor of d and b.
7
Let n be 7/7*(-16)/(-4). Suppose n = 19*y - 15*y. What is the highest common factor of 16 and y?
1
Suppose -2*c - 24 = -114. Calculate the highest common divisor of 720 and c.
45
Let t = -1047 - -1824. Calculate the greatest common factor of t and 84.
21
Suppose -b + 4*f = -2*b + 7, -5*b + 4*f + 35 = 0. Suppose 34 = 2*p - 4. Suppose p*j = 17*j + 42. What is the greatest common divisor of j and b?
7
Let z be (-15)/105 + 3006/21. Let h(c) = -3*c**3 - 4*c**2 - 2*c + 1. Let u be -5 + 1 + 3 + -1. Let a be h(u). What is the highest common factor of a and z?
13
Let x be 4 - (57840/(-110) - 2/11). Calculate the highest common factor of x and 10.
10
Let s(k) be the third derivative of 0 + 3*k**2 - 2/3*k**3 + 1/20*k**5 + 0*k - 1/2*k**4. Let f be s(5). What is the greatest common factor of f and 11?
11
Let g be ((-6)/(-5))/(((-130)/(-900))/13). What is the greatest common divisor of 27 and g?
27
Suppose 3108 = 8*m - 15116. What is the greatest common factor of m and 268?
134
Let t be 1*(2/5)/((-12)/(-240)). What is the highest common factor of t and 104?
8
Let l = -213 + 357. What is the highest common divisor of l and 252?
36
Suppose 3*j - 51 = -2*x - 0*x, 10*j + 30 = 0. Let z = 2 + 10. Calculate the greatest common divisor of x and z.
6
Let v be 2/(-3)*((-404)/8 - -4). What is the greatest common factor of v and 93?
31
Let f be 12/(-5)*35/(-2). Let g(z) = -z**3 + 5*z**2 - 10. Let i be g(4). Calculate the greatest common factor of i and f.
6
Suppose 1 = -x + 2*x. Let k be ((-8)/(-20))/((3/(-60))/(-1)). Calculate the highest common factor of k and x.
1
Let x = -166 + 177. What is the greatest common factor of x and 187?
11
Suppose -90 = -2*b - 82. Calculate the greatest common divisor of b and 20.
4
Let u(w) = -126*w. Let s be u(-1). Let p = -43 + 74. Let t = 45 - p. What is the highest common factor of t and s?
14
Let l be (-120)/(-57) + 10/(-95). Calculate the greatest common factor of 466 and l.
2
Suppose 1890 = -0*q + 5*q. Let z = -11366 + 11408. Calculate the highest common divisor of z and q.
42
Let f be (-24)/(-16)*2/1*1. Suppose 5*v - f*k + 18 = 204, -2*k + 176 = 5*v. Calculate the greatest common divisor of v and 54.
18
Let p = -19 + 31. Let n = 15 - p. Suppose -n*w + h + 45 = 0, 64 = -3*w + 8*w + 2*h. Calculate the greatest common factor of 56 and w.
14
Let f = 133 - 77. What is the highest common divisor of 32 and f?
8
Suppose 3*k - 125*m - 1408 = -129*m, 4*k + m = 1873. What is the highest common divisor of k and 65?
13
Suppose -8*d = -16 - 0. Suppose -d*w = 39 - 325. Suppose y = 4*y - 39. What is the greatest common factor of w and y?
13
Suppose -7*t + 6*t + 29 = 0. What is the greatest common factor of t and 1?
1
Suppose -2*l = -79 - 63. Suppose 3*m - 4*n = -2*n + l, 0 = 5*m + 4*n - 155. Calculate the greatest common factor of 27 and m.
27
Suppose 3*l + 5*s - 70 = 3*s, s = -3*l + 68. Calculate the highest common divisor of 77 and l.
11
Let g be 2/6*0/2. Suppose -3*h - 4*x = -4, 2 = 2*x - g. Suppose -2*c + 3*v = -12 - 5, 4*c - 5*v - 37 = h. What is the highest common divisor of 65 and c?
13
Let m(p) = 4*p**3 + 214*p**2 - 109*p - 39. Let x be m(-54). Let l = 194 - 29. Calculate the highest common divisor of l and x.
15
Let t be (-80)/(-6) - 4/(-6). Let m be ((-20)/(-15))/((-4)/(-6)). Suppose s = m*k - 311, -4*s - 166 = -k - 0*s. What is the highest common factor of t and k?
14
Suppose -13*s - 208 = -17*s + 3*v, 3*s + 5*v = 127. Calculate the greatest common divisor of 35 and s.
7
Suppose -21*o + 828 = -1524. Calculate the greatest common factor of o and 168.
56
Let c(f) = -7*f - 30. Let b be c(-5). Suppose 0 = -o + 5, -2*o + 6*o - 700 = -b*r. Calculate the highest common factor of 17 and r.
17
Suppose 4*v = -5*d + 26 + 58, 0 = 2*v - 2. Let h be ((-8)/d)/(2/(-4)). Let x be h + 34 + -2 + 0. What is the highest common divisor of 22 and x?
11
Let w(p) = p**3 + 6*p**2 + 4*p - 1. Let q be w(-6). Let i = 11 - q. Calculate the greatest common divisor of 24 and i.
12
Let z = 21 + -10. Suppose -z = n - 2*n. Calculate the highest common factor of n and 1.
1
Suppose -3*q + 4*j = -512, q + 2*j - 69 = 105. Suppose 522 = 5*t + q. Calculate the highest common factor of 10 and t.
10
Let p = -285 - -309. Let m(r) = -r**2 - 5*r + 3. Let q be m(-5). What is the greatest common factor of p and q?
3
Let o be ((-252)/(-294))/(2/140). Calculate the greatest common factor of o and 580.
20
Suppose 3*j - 254 - 18 = 5*c, 2*c = -5*j + 412. Calculate the highest common divisor of 322 and j.
14
Let y(g) = 2*g**2 - 4*g - 2. Let p be y(-3). Suppose 1540 = 2*d + 3*d. Calculate the highest common divisor of p and d.
28
Suppose -4*r = q - 100, -q - 22 + 146 = 5*r. Suppose -5*b - 23 = 2, 3*t - 3 = 3*b. Let v = t + r. What is the highest common factor of v and 10?
10
Let u(r) = -r**2 + 8*r + 9. Let c be u(7). What is the greatest common divisor of 256 and c?
16
Let t = 59 - -12. Calculate the greatest common factor of 213 and t.
71
Let u(p) be the second derivative of 14*p**5/5 - p**3/3 + p**2/2 - 6*p. Let y be u(1). Let o = -25 + y. What is the highest common divisor of o and 45?
15
Let r = 3 + -1. Let z(s) = r*s - 2*s + 23*s**2 + 0*s + 2 - 2*s. Let h be z(1). Calculate the greatest common divisor of 161 and h.
23
Let s be (-4)/(-14) + (-10)/35 - -5. Let d be -3 + -3 + s - -14. What is the greatest common divisor of d and 143?
13
Suppose 17*j + 44 = 19*j. Suppose 0 = -2*g + j - 2. What is the highest common divisor of 2 and g?
2
Let k = 4123 - 2331. Calculate the greatest common factor of k and 56.
56
Let m = 348 + -98. Calculate the greatest common divisor of m and 50.
50
Suppose 4*y - 8*y = -20. Suppose -2*n = 3*q - 4, y*q + 0 = 3*n - 6. What is the highest common divisor of n and 16?
2
Let u(a) = -30*a - 15. Let y be u(-3). Suppose -4*c + 32 + 28 = 0. Calculate the greatest common divisor of y and c.
15
Suppose u + p = -2*p + 86, 2*p + 498 = 5*u. Suppose -2*t + 5*s = -18 - 10, -5*s + 28 = 2*t. What is the greatest common divisor of u and t?
14
Let f be 112/(-3)*144/(-32). What is the greatest common divisor of f and 21?
21
Suppose -84*q + 49*q + 3465 = 0. Calculate the highest common factor of 286 and q.
11
Let m be (-10)/(-75) - (-17)/(-15) - -3. Suppose 0 = 4*s + m*s - 120. Calculate the greatest common divisor of s and 20.
20
Let j(b) = 6*b + 51. Let x be j(6). Calculate the highest common divisor of 58 and x.
29
Let z(v) = 0*v + v**3 + 12 + 5*v**2 - 2*v - 3*v - 1. Let c be z(-5). Calculate the highest common divisor of 18 and c.
18
Suppose -q + 3*q + 2*c - 7062 = 0, -2*q + 4*c + 7032 = 0. Suppose -13*d + q = -1024. What is the highest common divisor of 35